{"id":2195,"date":"2016-01-07T05:57:45","date_gmt":"2016-01-07T05:57:45","guid":{"rendered":"http:\/\/consulting.stylemixthemes.com\/?page_id=390"},"modified":"2022-02-19T11:58:34","modified_gmt":"2022-02-19T11:58:34","slug":"our-partners","status":"publish","type":"page","link":"https:\/\/agridrone.tn\/index.php\/company-overview-2\/our-partners\/","title":{"rendered":"Our partners"},"content":{"rendered":"<p>[vc_row css=&#8221;.vc_custom_1459506306543{margin-bottom: 100px !important;}&#8221;][vc_column width=&#8221;3\/4&#8243;][vc_row_inner css=&#8221;.vc_custom_1452152300724{margin-bottom: 46px !important;}&#8221;][vc_column_inner 0=&#8221;&#8221;][vc_column_text 0=&#8221;&#8221;]<img loading=\"lazy\" decoding=\"async\" class=\"size-medium wp-image-2461 aligncenter\" src=\"https:\/\/agridrone.tn\/wp-content\/uploads\/2020\/12\/ASIIN2-300x205.png\" alt=\"\" width=\"300\" height=\"205\" srcset=\"https:\/\/agridrone.tn\/wp-content\/uploads\/2020\/12\/ASIIN2-300x205.png 300w, https:\/\/agridrone.tn\/wp-content\/uploads\/2020\/12\/ASIIN2.png 438w\" sizes=\"auto, (max-width: 300px) 100vw, 300px\" \/><\/p>\n<p>Programme accreditation concerns individual study programs or clusters of study programs with related content.<\/p>\n<p>With a successful programme accreditation, ASIIN confirms that a study programme meets a high quality standard. The quality of a study program is determined by the formulation of relevant objectives by the applying university itself. The quality is also determined by the success that graduates achieve in their profession.<\/p>\n<p>In order to obtain a quote for programme accreditation, please fill out the ASIIN application form and send it to us by e-mail. We will send you an offer with all relevant information as soon as possible. The ASIIN staff will be happy to answer all your questions regarding programme accreditation.<\/p>\n<p>In the following you will also find all information regarding&#8221; link=&#8221;url:https%3A%2F%2Fwww.asiin.de%2Fen%2F|||&#8221; position=&#8221;ASIIN &#8211; Global Leader in Quality Assurance in Higher Education&#8221; css=&#8221;.vc_custom_1606810048204{margin-bottom: 50px !important;}&#8221;<\/p>\n<p><img loading=\"lazy\" decoding=\"async\" class=\"size-full wp-image-2462 aligncenter\" src=\"https:\/\/agridrone.tn\/wp-content\/uploads\/2020\/12\/FEMER0.png\" alt=\"\" width=\"187\" height=\"143\" \/><\/p>\n<p>La F\u00e9d\u00e9ration Eur-m\u00e9diterran\u00e9enne de Enseignent et de la Recherche est un r\u00e9seau d\u2019universit\u00e9s qui op\u00e8re dans le domaine de l\u2019enseignement scientifique et de la Recherche et a le but de promouvoir la recherche universitaire et la formation dans la r\u00e9gion euro-m\u00e9diterran\u00e9enne pour contribuer au processus de coop\u00e9ration scientifique, culturelle, sociale, et \u00e9conomique..<\/p>\n<p>Promotion de la dimension internationale des universit\u00e9s ;<br \/>\nR\u00e9daction des projets communautaires et fund raising;<br \/>\nPromotion de la mobilit\u00e9 dans la r\u00e9gion m\u00e9diterran\u00e9enne, des \u00e9tudiants, des chercheurs et des professeurs;<br \/>\nAssistance technique pour le d\u00e9veloppement de l\u2019assurance de la qualit\u00e9 dans l\u2019enseignement universitaire;<br \/>\nSoutenir les universit\u00e9s partenaires et leurs composantes pour faciliter leur appropriation d\u2019outils n\u00e9cessaires \u00e0 la mise en \u0153uvre d\u2019un processus d\u2019auto-\u00e9valuation.<br \/>\nAccompagner les cellules de qualit\u00e9 des \u00e9tablissements universitaires dans l\u2019int\u00e9gration de la culture au sein des pratiques quotidiennes de leurs intervenants (enseignants, cadres administratifs\u2026).<br \/>\nAssister les \u00e9coles d\u2019ing\u00e9nieurs dans le processus d\u2019accr\u00e9ditation<br \/>\nOrganisation de conf\u00e9rences, colloques ,d\u00e9bats, s\u00e9minaires et tables rondes, voyages , stages au niveau international;<br \/>\nFormation du personnel acad\u00e9mique et administratif des universit\u00e9s, en particulier du personnel des Bureaux des Relations Internationales.<br \/>\nPromouvoir la reconnaissance de dipl\u00f4mes<br \/>\nPromouvoir la mobilit\u00e9 des \u00e9tudiants \u00e0 l\u2019\u00e9chelle mondiale<br \/>\nFEMER F\u00e9d\u00e9ration Euro-M\u00e9diterran\u00e9enne Enseignement Recherche est situ\u00e9 au Campus Universitaire 2 av Augistin Lois Cauchy, 44300 NANTES.<\/p>\n<p>FEMER F\u00e9d\u00e9ration Euro-M\u00e9diterran\u00e9enne Enseignement Recherche<\/p>\n<p><strong>Global Development Alliance for Asia &amp; Africa<\/strong><\/p>\n<p>Glo bal Development Alliance for Asia &amp; Africa<br \/>\nEst un consortium \u00e0 but non lucratif regroupant des universit\u00e9s, des centres de recherche et de d\u00e9veloppement Technologies et entreprises offrant des services qu&#8217;elles jugent compl\u00e9mentaires, qui<br \/>\n\u00e0) Contribuer au d\u00e9veloppement des pays membres \u00e0 travers l&#8217;\u00e9ducation et la culture, \u00e0 travers des collaborations internationales et le partage des connaissances.<br \/>\nb) \u00e9tablir sur le profil du groupement des plans annuels d&#8217;activit\u00e9s et d&#8217;\u00e9v\u00e9nements du groupe si n\u00e9cessaire.<br \/>\nc) d\u00e9velopper, dans la mesure du possible, des plans-cadres de coop\u00e9ration et de partenariat international au profit de ses membres afin de d\u00e9velopper les march\u00e9s cibles.<\/p>\n<p><img loading=\"lazy\" decoding=\"async\" class=\"size-medium wp-image-2463 aligncenter\" src=\"https:\/\/agridrone.tn\/wp-content\/uploads\/2020\/12\/gdaaa1-300x300.png\" alt=\"\" width=\"300\" height=\"300\" srcset=\"https:\/\/agridrone.tn\/wp-content\/uploads\/2020\/12\/gdaaa1-300x300.png 300w, https:\/\/agridrone.tn\/wp-content\/uploads\/2020\/12\/gdaaa1-150x150.png 150w, https:\/\/agridrone.tn\/wp-content\/uploads\/2020\/12\/gdaaa1-50x50.png 50w, https:\/\/agridrone.tn\/wp-content\/uploads\/2020\/12\/gdaaa1-320x320.png 320w, https:\/\/agridrone.tn\/wp-content\/uploads\/2020\/12\/gdaaa1.png 550w\" sizes=\"auto, (max-width: 300px) 100vw, 300px\" \/><\/p>\n<h3 class=\"LC20lb MBeuO DKV0Md\"><span style=\"font-size: 12pt;\">Quality Authority Accreditation Supervisor &#8220;QAAS&#8221;<\/span><\/h3>\n<p>QAAS est un r\u00e9seau d\u2019universit\u00e9s qui op\u00e8re dans le domaine de l\u2019enseignement scientifique et de la Recherche a pour but d&#8217;assister les universit\u00e9s et \u00e9coles d\u2019ing\u00e9nieurs partenaires dans le processus d\u2019accr\u00e9ditation.<br \/>\nAssistance technique pour le d\u00e9veloppement de l\u2019assurance qualit\u00e9 dans l\u2019enseignement universitaire.<\/p>\n<p><img loading=\"lazy\" decoding=\"async\" class=\"size-medium wp-image-2471 aligncenter\" src=\"https:\/\/agridrone.tn\/wp-content\/uploads\/2020\/12\/QAAS_ar8-300x221.png\" alt=\"\" width=\"300\" height=\"221\" srcset=\"https:\/\/agridrone.tn\/wp-content\/uploads\/2020\/12\/QAAS_ar8-300x221.png 300w, https:\/\/agridrone.tn\/wp-content\/uploads\/2020\/12\/QAAS_ar8-1024x754.png 1024w, https:\/\/agridrone.tn\/wp-content\/uploads\/2020\/12\/QAAS_ar8-768x566.png 768w, https:\/\/agridrone.tn\/wp-content\/uploads\/2020\/12\/QAAS_ar8-600x442.png 600w, https:\/\/agridrone.tn\/wp-content\/uploads\/2020\/12\/QAAS_ar8-1536x1131.png 1536w, https:\/\/agridrone.tn\/wp-content\/uploads\/2020\/12\/QAAS_ar8-2048x1508.png 2048w\" sizes=\"auto, (max-width: 300px) 100vw, 300px\" \/><\/p>\n<p>&nbsp;[\/vc_column_text][\/vc_column_inner][\/vc_row_inner][\/vc_column][vc_column width=&#8221;1\/4&#8243;][vc_column_text 0=&#8221;&#8221;][\/vc_column_text][\/vc_column][\/vc_row][vc_row full_width=&#8221;stretch_row&#8221; css=&#8221;.vc_custom_1459505959648{margin-bottom: -60px !important;}&#8221; el_class=&#8221;third_bg_color&#8221;][vc_column 0=&#8221;&#8221;][vc_cta h2=&#8221;Looking for a First-Class Business Plan Consultant?&#8221; h2_font_container=&#8221;font_size:20px|color:%23ffffff|line_height:24px&#8221; h2_use_theme_fonts=&#8221;yes&#8221; shape=&#8221;square&#8221; style=&#8221;flat&#8221; add_button=&#8221;right&#8221; btn_title=&#8221;get a quote&#8221; btn_style=&#8221;flat&#8221; btn_color=&#8221;theme_style_2&#8243; btn_align=&#8221;right&#8221; btn_i_align=&#8221;right&#8221; btn_i_icon_fontawesome=&#8221;fa fa-chevron-right&#8221; use_custom_fonts_h2=&#8221;true&#8221; btn_add_icon=&#8221;true&#8221; btn_link=&#8221;url:%23||&#8221; el_class=&#8221;third_bg_color&#8221; css=&#8221;.vc_custom_1459505851233{margin-bottom: 0px !important;}&#8221;][\/vc_cta][\/vc_column][\/vc_row]<\/p>\n","protected":false},"excerpt":{"rendered":"<p>[vc_row css=&#8221;.vc_custom_1459506306543{margin-bottom: 100px !important;}&#8221;][vc_column width=&#8221;3\/4&#8243;][vc_row_inner css=&#8221;.vc_custom_1452152300724{margin-bottom: 46px !important;}&#8221;][vc_column_inner 0=&#8221;&#8221;][vc_column_text 0=&#8221;&#8221;] Programme accreditation concerns individual study programs or clusters of study programs with related content. With&#8230;<\/p>\n","protected":false},"author":3,"featured_media":0,"parent":2192,"menu_order":0,"comment_status":"closed","ping_status":"closed","template":"","meta":{"footnotes":""},"class_list":["post-2195","page","type-page","status-publish","hentry"],"yoast_head":"<!-- This site is optimized with the Yoast SEO plugin v16.9 - https:\/\/yoast.com\/wordpress\/plugins\/seo\/ -->\n<title>Our partners -<\/title>\n<meta name=\"robots\" content=\"index, follow, max-snippet:-1, max-image-preview:large, max-video-preview:-1\" \/>\n<link rel=\"canonical\" href=\"https:\/\/agridrone.tn\/index.php\/company-overview-2\/our-partners\/\" \/>\n<meta property=\"og:locale\" content=\"fr_FR\" \/>\n<meta property=\"og:type\" content=\"article\" \/>\n<meta property=\"og:title\" content=\"Our partners -\" \/>\n<meta property=\"og:description\" content=\"[vc_row css=&#8221;.vc_custom_1459506306543{margin-bottom: 100px !important;}&#8221;][vc_column width=&#8221;3\/4&#8243;][vc_row_inner css=&#8221;.vc_custom_1452152300724{margin-bottom: 46px !important;}&#8221;][vc_column_inner 0=&#8221;&#8221;][vc_column_text 0=&#8221;&#8221;] Programme accreditation concerns individual study programs or clusters of study programs with related content. With...\" \/>\n<meta property=\"og:url\" content=\"https:\/\/agridrone.tn\/index.php\/company-overview-2\/our-partners\/\" \/>\n<meta property=\"article:modified_time\" content=\"2022-02-19T11:58:34+00:00\" \/>\n<meta property=\"og:image\" content=\"https:\/\/agridrone.tn\/wp-content\/uploads\/2020\/12\/ASIIN2-300x205.png\" \/>\n<meta name=\"twitter:card\" content=\"summary_large_image\" \/>\n<meta name=\"twitter:label1\" content=\"Dur\u00e9e de lecture est.\" \/>\n\t<meta name=\"twitter:data1\" content=\"4 minutes\" \/>\n<script type=\"application\/ld+json\" class=\"yoast-schema-graph\">{\"@context\":\"https:\/\/schema.org\",\"@graph\":[{\"@type\":\"WebSite\",\"@id\":\"https:\/\/agridrone.tn\/#website\",\"url\":\"https:\/\/agridrone.tn\/\",\"name\":\"\",\"description\":\"la nouvelle technologie des agriculteurs\",\"potentialAction\":[{\"@type\":\"SearchAction\",\"target\":{\"@type\":\"EntryPoint\",\"urlTemplate\":\"https:\/\/agridrone.tn\/?s={search_term_string}\"},\"query-input\":\"required name=search_term_string\"}],\"inLanguage\":\"fr-FR\"},{\"@type\":\"ImageObject\",\"@id\":\"https:\/\/agridrone.tn\/index.php\/company-overview-2\/our-partners\/#primaryimage\",\"inLanguage\":\"fr-FR\",\"url\":\"https:\/\/agridrone.tn\/wp-content\/uploads\/2020\/12\/ASIIN2.png\",\"contentUrl\":\"https:\/\/agridrone.tn\/wp-content\/uploads\/2020\/12\/ASIIN2.png\",\"width\":438,\"height\":299},{\"@type\":\"WebPage\",\"@id\":\"https:\/\/agridrone.tn\/index.php\/company-overview-2\/our-partners\/#webpage\",\"url\":\"https:\/\/agridrone.tn\/index.php\/company-overview-2\/our-partners\/\",\"name\":\"Our partners -\",\"isPartOf\":{\"@id\":\"https:\/\/agridrone.tn\/#website\"},\"primaryImageOfPage\":{\"@id\":\"https:\/\/agridrone.tn\/index.php\/company-overview-2\/our-partners\/#primaryimage\"},\"datePublished\":\"2016-01-07T05:57:45+00:00\",\"dateModified\":\"2022-02-19T11:58:34+00:00\",\"breadcrumb\":{\"@id\":\"https:\/\/agridrone.tn\/index.php\/company-overview-2\/our-partners\/#breadcrumb\"},\"inLanguage\":\"fr-FR\",\"potentialAction\":[{\"@type\":\"ReadAction\",\"target\":[\"https:\/\/agridrone.tn\/index.php\/company-overview-2\/our-partners\/\"]}]},{\"@type\":\"BreadcrumbList\",\"@id\":\"https:\/\/agridrone.tn\/index.php\/company-overview-2\/our-partners\/#breadcrumb\",\"itemListElement\":[{\"@type\":\"ListItem\",\"position\":1,\"name\":\"Home\",\"item\":\"https:\/\/agridrone.tn\/\"},{\"@type\":\"ListItem\",\"position\":2,\"name\":\"Pr\\u00e9sentation de l&#8217;ADRI\",\"item\":\"https:\/\/agridrone.tn\/index.php\/company-overview-2\/\"},{\"@type\":\"ListItem\",\"position\":3,\"name\":\"Our partners\"}]}]}<\/script>\n<!-- \/ Yoast SEO plugin. -->","yoast_head_json":{"title":"Our partners -","robots":{"index":"index","follow":"follow","max-snippet":"max-snippet:-1","max-image-preview":"max-image-preview:large","max-video-preview":"max-video-preview:-1"},"canonical":"https:\/\/agridrone.tn\/index.php\/company-overview-2\/our-partners\/","og_locale":"fr_FR","og_type":"article","og_title":"Our partners -","og_description":"[vc_row css=&#8221;.vc_custom_1459506306543{margin-bottom: 100px !important;}&#8221;][vc_column width=&#8221;3\/4&#8243;][vc_row_inner css=&#8221;.vc_custom_1452152300724{margin-bottom: 46px !important;}&#8221;][vc_column_inner 0=&#8221;&#8221;][vc_column_text 0=&#8221;&#8221;] Programme accreditation concerns individual study programs or clusters of study programs with related content. With...","og_url":"https:\/\/agridrone.tn\/index.php\/company-overview-2\/our-partners\/","article_modified_time":"2022-02-19T11:58:34+00:00","og_image":[{"url":"https:\/\/agridrone.tn\/wp-content\/uploads\/2020\/12\/ASIIN2-300x205.png"}],"twitter_card":"summary_large_image","twitter_misc":{"Dur\u00e9e de lecture est.":"4 minutes"},"schema":{"@context":"https:\/\/schema.org","@graph":[{"@type":"WebSite","@id":"https:\/\/agridrone.tn\/#website","url":"https:\/\/agridrone.tn\/","name":"","description":"la nouvelle technologie des agriculteurs","potentialAction":[{"@type":"SearchAction","target":{"@type":"EntryPoint","urlTemplate":"https:\/\/agridrone.tn\/?s={search_term_string}"},"query-input":"required name=search_term_string"}],"inLanguage":"fr-FR"},{"@type":"ImageObject","@id":"https:\/\/agridrone.tn\/index.php\/company-overview-2\/our-partners\/#primaryimage","inLanguage":"fr-FR","url":"https:\/\/agridrone.tn\/wp-content\/uploads\/2020\/12\/ASIIN2.png","contentUrl":"https:\/\/agridrone.tn\/wp-content\/uploads\/2020\/12\/ASIIN2.png","width":438,"height":299},{"@type":"WebPage","@id":"https:\/\/agridrone.tn\/index.php\/company-overview-2\/our-partners\/#webpage","url":"https:\/\/agridrone.tn\/index.php\/company-overview-2\/our-partners\/","name":"Our partners -","isPartOf":{"@id":"https:\/\/agridrone.tn\/#website"},"primaryImageOfPage":{"@id":"https:\/\/agridrone.tn\/index.php\/company-overview-2\/our-partners\/#primaryimage"},"datePublished":"2016-01-07T05:57:45+00:00","dateModified":"2022-02-19T11:58:34+00:00","breadcrumb":{"@id":"https:\/\/agridrone.tn\/index.php\/company-overview-2\/our-partners\/#breadcrumb"},"inLanguage":"fr-FR","potentialAction":[{"@type":"ReadAction","target":["https:\/\/agridrone.tn\/index.php\/company-overview-2\/our-partners\/"]}]},{"@type":"BreadcrumbList","@id":"https:\/\/agridrone.tn\/index.php\/company-overview-2\/our-partners\/#breadcrumb","itemListElement":[{"@type":"ListItem","position":1,"name":"Home","item":"https:\/\/agridrone.tn\/"},{"@type":"ListItem","position":2,"name":"Pr\u00e9sentation de l&#8217;ADRI","item":"https:\/\/agridrone.tn\/index.php\/company-overview-2\/"},{"@type":"ListItem","position":3,"name":"Our partners"}]}]}},"_links":{"self":[{"href":"https:\/\/agridrone.tn\/index.php\/wp-json\/wp\/v2\/pages\/2195","targetHints":{"allow":["GET"]}}],"collection":[{"href":"https:\/\/agridrone.tn\/index.php\/wp-json\/wp\/v2\/pages"}],"about":[{"href":"https:\/\/agridrone.tn\/index.php\/wp-json\/wp\/v2\/types\/page"}],"author":[{"embeddable":true,"href":"https:\/\/agridrone.tn\/index.php\/wp-json\/wp\/v2\/users\/3"}],"replies":[{"embeddable":true,"href":"https:\/\/agridrone.tn\/index.php\/wp-json\/wp\/v2\/comments?post=2195"}],"version-history":[{"count":5,"href":"https:\/\/agridrone.tn\/index.php\/wp-json\/wp\/v2\/pages\/2195\/revisions"}],"predecessor-version":[{"id":2560,"href":"https:\/\/agridrone.tn\/index.php\/wp-json\/wp\/v2\/pages\/2195\/revisions\/2560"}],"up":[{"embeddable":true,"href":"https:\/\/agridrone.tn\/index.php\/wp-json\/wp\/v2\/pages\/2192"}],"wp:attachment":[{"href":"https:\/\/agridrone.tn\/index.php\/wp-json\/wp\/v2\/media?parent=2195"}],"curies":[{"name":"wp","href":"https:\/\/api.w.org\/{rel}","templated":true}]}}